{"id":18437,"date":"2026-03-24T09:55:05","date_gmt":"2026-03-24T08:55:05","guid":{"rendered":"https:\/\/z-7.ch\/?post_type=product&#038;p=18437"},"modified":"2026-04-01T10:06:20","modified_gmt":"2026-04-01T08:06:20","slug":"kunz","status":"publish","type":"product","link":"https:\/\/z-7.ch\/fr\/event\/kunz\/","title":{"rendered":"Kunz"},"content":{"rendered":"<h3>HYMNES \u00c0 LA VIE<\/h3>\n<p><strong>KUNZ est de retour ! Avec Stadt Land Fluss Poet, le musicien lucernois prim\u00e9 pr\u00e9sente onze nouveaux titres. Ballades \u00e9pur\u00e9es ou hymnes pop entra\u00eenants \u2013 chacun de ces morceaux est une d\u00e9claration d\u2019amour \u00e0 la vie. <\/strong><\/p>\n<p>M\u00eame en \u00e9tant d\u00e9sormais p\u00e8re de quatre enfants, KUNZ ne sait pas vraiment comment il a trouv\u00e9 le temps de cr\u00e9er son septi\u00e8me album studio : \u00ab Cela s\u2019est fait un peu entre deux \u00bb, dit-il en riant. Et c\u2019est peut-\u00eatre pr\u00e9cis\u00e9ment pour cela que Stadt Land Fluss Poet est une \u0153uvre si marquante : parce qu\u2019elle vient de quelqu\u2019un pleinement ancr\u00e9 dans la vie. Un po\u00e8te du quotidien qui accorde de l\u2019importance aux petites choses et met en lumi\u00e8re les gens ordinaires : \u00ab Chaque personne est \u201cle monde\u201d pour quelqu\u2019un \u00bb, explique Kunz. Il exprime cela avec beaucoup de justesse dans \u00ab Die ganzi W\u00e4ut \u00bb, son duo avec Anna K\u00e4nzig.<\/p>\n<p>Ici, un artiste nous invite \u00e0 accueillir la beaut\u00e9 : \u00ab Le bonheur est \u00e9ph\u00e9m\u00e8re \u2013 serre-le dans tes bras quand tu le tiens ! \u00bb Le ma\u00eetre du folk en dialecte se projette 99 ans en avant et 99 ans en arri\u00e8re. \u00ab D\u00e9j\u00e0 \u00e0 l\u2019\u00e9poque, les gens avaient l\u2019impression que le monde allait s\u2019effondrer \u00bb, dit KUNZ. \u00ab Si je peux donner un peu d\u2019espoir aux gens et les encourager \u00e0 garder confiance, alors c\u2019est une bonne chose. \u00bb Il le fait avec une joie de vivre contagieuse. Et c\u2019est puissant \u2013 car l\u2019optimisme n\u2019est pas pour les faibles.<\/p>\n<p>&nbsp;<\/p>\n<p><strong>Limite d\u2019\u00e2ge :<\/strong><br \/>\n\u00c0 partir de 10 ans<br \/>\nLes enfants de 10 \u00e0 16 ans uniquement accompagn\u00e9s d\u2019un adulte<\/p>\n","protected":false},"excerpt":{"rendered":"<p>HYMNES \u00c0 LA VIE KUNZ est de retour ! Avec Stadt Land Fluss Poet, le musicien lucernois prim\u00e9 pr\u00e9sente onze&hellip;<\/p>\n","protected":false},"author":2,"featured_media":18913,"template":"","meta":{"_acf_changed":false},"product_brand":[],"product_cat":[160],"product_tag":[177,104],"class_list":{"0":"post-18437","1":"product","2":"type-product","3":"status-publish","4":"has-post-thumbnail","6":"product_cat-event","7":"product_tag-mundart","8":"product_tag-pop-fr","10":"first","11":"instock","12":"virtual","13":"purchasable","14":"product-type-simple"},"acf":[],"_links":{"self":[{"href":"https:\/\/z-7.ch\/fr\/wp-json\/wp\/v2\/product\/18437","targetHints":{"allow":["GET"]}}],"collection":[{"href":"https:\/\/z-7.ch\/fr\/wp-json\/wp\/v2\/product"}],"about":[{"href":"https:\/\/z-7.ch\/fr\/wp-json\/wp\/v2\/types\/product"}],"author":[{"embeddable":true,"href":"https:\/\/z-7.ch\/fr\/wp-json\/wp\/v2\/users\/2"}],"wp:featuredmedia":[{"embeddable":true,"href":"https:\/\/z-7.ch\/fr\/wp-json\/wp\/v2\/media\/18913"}],"wp:attachment":[{"href":"https:\/\/z-7.ch\/fr\/wp-json\/wp\/v2\/media?parent=18437"}],"wp:term":[{"taxonomy":"product_brand","embeddable":true,"href":"https:\/\/z-7.ch\/fr\/wp-json\/wp\/v2\/product_brand?post=18437"},{"taxonomy":"product_cat","embeddable":true,"href":"https:\/\/z-7.ch\/fr\/wp-json\/wp\/v2\/product_cat?post=18437"},{"taxonomy":"product_tag","embeddable":true,"href":"https:\/\/z-7.ch\/fr\/wp-json\/wp\/v2\/product_tag?post=18437"}],"curies":[{"name":"wp","href":"https:\/\/api.w.org\/{rel}","templated":true}]}}

<h3>HYMNES À LA VIE</h3>
<p><strong>KUNZ est de retour ! Avec Stadt Land Fluss Poet, le musicien lucernois primé présente onze nouveaux titres. Ballades épurées ou hymnes pop entraînants – chacun de ces morceaux est une déclaration d’amour à la vie. </strong></p>
<p>Même en étant désormais père de quatre enfants, KUNZ ne sait pas vraiment comment il a trouvé le temps de créer son septième album studio : « Cela s’est fait un peu entre deux », dit-il en riant. Et c’est peut-être précisément pour cela que Stadt Land Fluss Poet est une œuvre si marquante : parce qu’elle vient de quelqu’un pleinement ancré dans la vie. Un poète du quotidien qui accorde de l’importance aux petites choses et met en lumière les gens ordinaires : « Chaque personne est “le monde” pour quelqu’un », explique Kunz. Il exprime cela avec beaucoup de justesse dans « Die ganzi Wäut », son duo avec Anna Känzig.</p>
<p>Ici, un artiste nous invite à accueillir la beauté : « Le bonheur est éphémère – serre-le dans tes bras quand tu le tiens ! » Le maître du folk en dialecte se projette 99 ans en avant et 99 ans en arrière. « Déjà à l’époque, les gens avaient l’impression que le monde allait s’effondrer », dit KUNZ. « Si je peux donner un peu d’espoir aux gens et les encourager à garder confiance, alors c’est une bonne chose. » Il le fait avec une joie de vivre contagieuse. Et c’est puissant – car l’optimisme n’est pas pour les faibles.</p>
<p>&nbsp;</p>
<p><strong>Limite d’âge :</strong><br />
À partir de 10 ans<br />
Les enfants de 10 à 16 ans uniquement accompagnés d’un adulte</p>

<p>HYMNES À LA VIE KUNZ est de retour ! Avec Stadt Land Fluss Poet, le musicien lucernois primé présente onze&hellip;</p>
